*j**5 + 0*j**4 + 27*j**2 + 0 + 0*j + 0*j**3. Calculate c(x).
-8
Let c(g) = 2*g**3 - 2*g**2 + g. Suppose 0 = o + 3*b - 37, -3*o + 209 = -4*b + 46. Suppose o = 46*j + 3*j. Give c(j).
1
Let l(v) = -2*v**2 - 10*v + 1. Let d(r) = -4*r**2 - 20*r + 2. Let u(s) = -6*d(s) + 11*l(s). What is u(-5)?
-1
Let w(h) = -109323 - 48*h + 54643 - 18*h + 7*h**2 + 54664 + 6*h. Give w(9).
11
Let q(v) = v**2 - 13*v + 27. Let g be q(12). Let a = g - 21. Let n(h) = 5*h - 1. Determine n(a).
-31
Let r(v) = 14*v - 650. Let y be r(46). Let n(s) be the first derivative of 5*s**2/2 + 14*s + 7. Give n(y).
-16
Suppose 0 = -4*d - 10*w - 88, -2*d - 17 - 9 = 2*w. Let a(o) = 4*o**2 + 9*o - 6. Calculate a(d).
127
Suppose -69 + 75 = -220*t - 1534. Let n(u) = -8*u - 18. Give n(t).
38
Let r(z) be the third derivative of -z**4/24 - 5*z**3/3 - 2892*z**2. Let m(c) = c**3 + 4*c**2 + 3*c + 5. Let g be m(-4). Give r(g).
-3
Let j(f) = -552*f + 556. Let b be j(1). Let y(z) = 14*z - 8. Let p(h) = 15*h - 9. Let s(m) = 4*p(m) - 5*y(m). Determine s(b).
-36
Let o(l) = -l**3 - 2*l**2 - 2. Let d(q) = 5*q**3 + 24*q**2 - 16*q + 16. Let i(x) = d(x) + 8*o(x). Determine i(3).
-57
Let d(s) = s**3 + 9*s**2 - 10*s + 5. Let m = 294 + -278. Suppose -76 = m*j + 84. Determine d(j).
5
Let d(v) be the first derivative of v**3/3 - 4*v**2 - 66*v - 67. Let h be d(13). Let j(u) = 5*u**3 - u**2 - u. Calculate j(h).
-5
Let h(g) = g**3 - g - 7*g**2 + 2488069 - 2488073 - 2*g**2 + 2*g. Let c = 16 + -7. Calculate h(c).
5
Let v(q) be the third derivative of q**6/120 + q**5/15 - q**3/3 - 6*q**2 + 107*q + 2. Suppose 5*x + 6 = 3*x. What is v(x)?
7
Let i be (-21)/((3/4)/(3/6)). Let y be (1 + -2)/(i/6 + 2). Let z(o) = -o - 2. Determine z(y).
-5
Suppose w = 2*z + 22, -3*z - 2*z + 170 = 5*w. Suppose -c + 12 = -4*c + o, -5*c - w = -5*o. Let p(g) = -2*g**3 - 2*g**2 + 3*g - 4. Determine p(c).
23
Let b(w) = -2*w**2 - w + 4. Let k be 50/20 - 19/(-2). Suppose -k*a - 11*a = 92. Calculate b(a).
-24
Let x(o) = 3*o + 15. Let h be 494/(-78) + 6/(-9). Let n(l) = 10*l + 45. Let z(u) = h*x(u) + 2*n(u). Determine z(-7).
-8
Let x(k) = -k - 75. Let p(w) = 59. Let g(s) = 5*p(s) + 4*x(s). Calculate g(-2).
3
Let w(i) be the first derivative of -i**2/2 - 667. Let x(l) = -4*l**2 + 174*l - 175*l + 2*l**2 + l**3. Let n be x(2). Calculate w(n).
2
Let u(i) be the first derivative of -i**4/4 + 5*i**3/3 - 3*i**2 + 9*i + 334. Determine u(5).
-21
Let c(j) = j**3 - 19*j**2 - 18*j - 48. Let u = -45196 - -45216. Give c(u).
-8
Let w be (2 - 10/4)/(1/(-346)). Let b = w + -174. Let n(t) = -6*t - 1. Give n(b).
5
Let c(k) = -526 - 557 + k + 1567 - 522. Determine c(33).
-5
Let v(j) = 2*j**2 - 5*j + 4. Suppose -136 = 30*a - 256. Calculate v(a).
16
Let m(k) = k**3 - 17*k**2 + 13*k + 35. Suppose 6*i - 19*i - 15*i + 448 = 0. What is m(i)?
-13
Let g(t) = t**2 - 4*t + 2. Let r = 93 - 92. Let u be 1 - r - 50/(-10). What is g(u)?
7
Let j be 2*(-3)/(-6)*-5. Let x(q) = 158 - 153 + 115*q - 54*q - 60*q. Calculate x(j).
0
Let r(z) = 153284 - 153359 + 0*z + z**3 - z + z. Determine r(0).
-75
Suppose -3*f = -5*h + 575, -f + 0*f + h = 191. Let b = f + 182. Let d(m) = m + 3. Determine d(b).
-5
Let y(p) = -487*p**2 + 5*p - 1. Let h(z) = -1200*z**2 + 12*z - 3. Let v(l) = -2*h(l) + 5*y(l). Let i be ((-3)/6)/(2/4). Give v(i).
-35
Let h(g) = -g**2 - 2*g + 3. Let i = -968 + 603. Let z = i + 362. Give h(z).
0
Let z(r) be the third derivative of -r**5/20 + r**4/12 + 11*r**3/3 - 84*r**2 - 20*r. Determine z(4).
-18
Let h(g) = -1. Let v(s) = -s + 22. Let p be 6 - (-10)/8*(-5 + 1). Let k(b) = p*v(b) + 6*h(b). Let y be 1 - 7*(0 - 1). Determine k(y).
8
Let x(u) = u**2 + 34*u + 97. Let t be 10/20 + 1008/(-32). Give x(t).
4
Let r(k) = -3*k**2 + 85*k - 43. Let w = -880 + 908. Let m be r(w). Let o(z) = z**2 + 14*z - 26. Give o(m).
-11
Let j(b) = -b**3 + 9*b + 12. Let k be j(-2). Suppose -q + 2*q = 2. Let f(p) = -k*p - 2*p**q - 3*p**2 - 17 + 18 - p**2. Determine f(1).
-7
Let u(t) = 23*t**2 - 13*t - 1. Let p(k) = -27*k**2 + 15*k + 1. Let a(m) = 6*p(m) + 7*u(m). What is a(4)?
-21
Suppose 0 = -113*f - 13*f + 756. Let h(t) be the first derivative of t**2 - f + t + 0*t**3 - 3/2*t**4. Calculate h(-1).
5
Suppose -12*i + 2 + 22 = 0. Let x(o) = -1564*o - 2 + 1570*o - i. Determine x(7).
38
Let f(g) be the second derivative of -39*g + 0 - 1/3*g**3 - 25/2*g**2. Calculate f(-14).
3
Let v be ((-8 + 4)*(-334)/4)/(-2). Let c = v - -167. Let y(s) = -s**3 + s**2 + s - 16. Determine y(c).
-16
Suppose -5*b - 3*n = -4*n + 31, 5*n = -b - 1. Let r(u) be the third derivative of u**5/60 + u**4/3 + u**3/3 - 357*u**2. Give r(b).
-10
Let i(k) = -3*k**3 + k**2 + k - 1. Let g be i(1). Let u(b) = 814*b + 2 - 1632*b + 819*b. What is u(g)?
0
Let z(h) = 10*h + 16*h + 15*h - 8*h - 2 - 34*h. Calculate z(-2).
0
Let n be 2/(224/77 - 3) + -3 + 9. Let w(q) = -q**2 - 16*q - 3. Calculate w(n).
-3
Let z(v) = -v**2 - 9*v + 15. Let q be z(-10). Let t be (-7)/q - (-10)/25. Let w(d) = d + 1. Let f(r) = -r**2 + 12*r + 11. Let n(c) = t*f(c) + 4*w(c). Give n(8).
-7
Let h(p) = -5*p**2 + 5*p + 6. Suppose -3*n = -19*v + 24*v + 2, v = 3*n - 4. Let c be h(v). Let w(a) = a + 1. Determine w(c).
-3
Suppose 6*k - 5*c = 2*k + 33, 2*k + 2*c = -6. Let m(n) = -9*n**3 + 8*n**3 - 4*n**3 - 2*n**3 - 3*n**3 + 6*n**3 + 2*n. Determine m(k).
-28
Let b(q) = q**3 - 4*q**2 + 3*q + 3. Let r be 77/(-14) - (-2)/(-4). Let g(k) = -14*k - 15. Let x be g(r). Let t be 3/2 + x/46. Determine b(t).
3
Suppose -8*s + 116 = -6*s. Let o = -53 + s. Let j(w) = 4 - 4 + 3*w**2 - 5*w - o*w**3 + 3 + 6*w**3. What is j(-4)?
7
Let q = -2 + 5. Suppose -r + 48 = q*r. Suppose 0 = -p - p + r. Let f(n) = -n**2 + 8*n - 4. Calculate f(p).
8
Let l(b) be the first derivative of -45*b**2/2 + 316*b - 1938. Determine l(7).
1
Let m(u) = -5*u + 62. Let s(d) = -39*d + 491. Let i(t) = -47*m(t) + 6*s(t). Give i(26).
58
Let b(c) be the first derivative of -2*c**3/3 + 13*c**2 - 60*c + 3719. Calculate b(3).
0
Let q(r) = r**2 + 8*r - 9. Let i = 3 - 39. Suppose 699 = 88*n - 1677. Let m = i + n. Calculate q(m).
0
Let k(x) = 8*x + 39. Let f(g) = -g - 6. Let h(p) = 6*f(p) + k(p). Determine h(1).
5
Let b(w) = w**2 + 14*w - 5. Let r = 6016 + -6033. Give b(r).
46
Let j(s) = s - 6. Let b be j(3). Let a(k) = -2 + 218*k - 58*k - k**2 - 1 - 60*k - 58*k - 47*k. What is a(b)?
3
Let z be (-2)/6*1*0/(-16). Let h be z + 1/(-1) - 320/(-80). Let m(x) = 7*x - 1. What is m(h)?
20
Let f(k) be the first derivative of -k**4/2 - 11*k**3/3 + 3*k**2/2 - 12*k + 1237. Calculate f(-6).
6
Let v(n) be the first derivative of n**5/20 + 2*n**4/3 + 3*n**3/2 + 3*n**2/2 - n + 69. Let z(l) be the first derivative of v(l). Give z(-6).
21
Let w(k) = -4*k - 7. Let z be w(-4). Let p(c) = -13*c**2 + 0*c**2 + 5*c**2 - 1 + z*c**3 + 10*c**2. Determine p(-1).
-8
Let g(x) = 12*x + 44 - 16 + x**2 - 23 - 5*x. Let q = -27 - -22. Calculate g(q).
-5
Let c(x) = 1 - 1 + 1. Let h(t) = 76 + 3*t - 175 + 111. Let o(u) = 3*c(u) - h(u). Give o(-6).
9
Let m be ((-70)/6)/(300/(-180)). Let z be (5 - (3 - 4))*4/3. Let s(g) = -g - 5*g - 2*g + 7*g + z. Calculate s(m).
1
Let m(l) = -190*l**2 + l**3 - 898 + 3*l + 903 + 185*l**2. Determine m(4).
1
Let q(n) be the second derivative of -n**6/720 - n**5/40 - 17*n**4/6 - 62*n + 2. Let s(b) be the third derivative of q(b). Calculate s(-4).
1
Let s be (-7)/(-140) - (-1053)/(-260). Let c(m) = -65*m - 263. Calculate c(s).
-3
Suppose -5*c - 2*u = 6, 4*c + 14 = 494*u - 491*u. Let i(p) = 70*p - 7. Determine i(c).
-147
Let f = -4 + -1. Let h(a) = 93706*a + 6 - a**2 - 187424*a + 93715*a. Determine h(f).
-4
Let b = 88 - 39. Let d be 2212/b + (-3)/21. Suppose -6*z + 15*z = d. Let i(w) = w**3 - 6*w**2 + 5*w - 2. Give i(z).
-2
Let x(k) = 2*k**2 - 6*k - 16. Let a = 10959 - 10955. Calculate x(a).
-8
Let l(q) = -59799*q + 3*q**2 + 5*q**2 - q**3 + 33 + 59795*q. Give l(8).
1
Suppose 344 - 216 = -8*j. Let r(s) = -3*s + 2. What is r(j)?
50
Suppose -2*j - 19 = 5*a, 0*a + 3*a = -5*j - 19. Let b be (-1*(2 - -2))/j. Let y(f) = -4*f + 7 + 4*f**2 - 3 - 7*f**2 + 2*f**b. What is y(-5)?
-1
Let g(m) = -4*m**3 - 16*m**2 + 26*m + 43. Let d(t) = -11*t**3 - 49*t**2 + 77*t + 129. Let c(u) = -3*d(u) + 8*g(u). What is c(-20)?
17
Suppose 0 = -7*p + 11*p. Let g(u) = u**2 + u - 1. Let i(s) = 3*s**2 + s - 1. Let k(j) = -2*g(j) + i(j). What is k(p)?
1
Let m(v) = -v**3 - 4*v**2 + 